{"id":985,"date":"2022-11-12T23:59:42","date_gmt":"2022-11-12T22:59:42","guid":{"rendered":"http:\/\/www.mankoe.at\/?page_id=985"},"modified":"2022-11-29T19:51:47","modified_gmt":"2022-11-29T18:51:47","slug":"ueber-mich","status":"publish","type":"page","link":"https:\/\/www.mankoe.at\/?page_id=985","title":{"rendered":"\u00dcber mich"},"content":{"rendered":"\t\t<div data-elementor-type=\"wp-page\" data-elementor-id=\"985\" class=\"elementor elementor-985\">\n\t\t\t\t\t\t\t\t\t<section class=\"elementor-section elementor-top-section elementor-element elementor-element-45c0e005 elementor-section-boxed elementor-section-height-default elementor-section-height-default\" data-id=\"45c0e005\" data-element_type=\"section\">\n\t\t\t\t\t\t<div class=\"elementor-container elementor-column-gap-default\">\n\t\t\t\t\t<div class=\"elementor-column elementor-col-100 elementor-top-column elementor-element elementor-element-2c1e7b26\" data-id=\"2c1e7b26\" data-element_type=\"column\">\n\t\t\t<div class=\"elementor-widget-wrap elementor-element-populated\">\n\t\t\t\t\t\t\t\t<div class=\"elementor-element elementor-element-2d575ccd elementor-widget elementor-widget-text-editor\" data-id=\"2d575ccd\" data-element_type=\"widget\" data-widget_type=\"text-editor.default\">\n\t\t\t\t<div class=\"elementor-widget-container\">\n\t\t\t<style>\/*! elementor - v3.17.0 - 08-11-2023 *\/\n.elementor-widget-text-editor.elementor-drop-cap-view-stacked .elementor-drop-cap{background-color:#69727d;color:#fff}.elementor-widget-text-editor.elementor-drop-cap-view-framed .elementor-drop-cap{color:#69727d;border:3px solid;background-color:transparent}.elementor-widget-text-editor:not(.elementor-drop-cap-view-default) .elementor-drop-cap{margin-top:8px}.elementor-widget-text-editor:not(.elementor-drop-cap-view-default) .elementor-drop-cap-letter{width:1em;height:1em}.elementor-widget-text-editor .elementor-drop-cap{float:left;text-align:center;line-height:1;font-size:50px}.elementor-widget-text-editor .elementor-drop-cap-letter{display:inline-block}<\/style>\t\t\t\t<!-- wp:heading -->\n<h1>\u00dcber mich<\/h1>\n<!-- \/wp:heading -->\t\t\t\t\t\t<\/div>\n\t\t\t\t<\/div>\n\t\t\t\t\t<\/div>\n\t\t<\/div>\n\t\t\t\t\t\t\t<\/div>\n\t\t<\/section>\n\t\t\t\t<section class=\"elementor-section elementor-top-section elementor-element elementor-element-9946f35 elementor-section-boxed elementor-section-height-default elementor-section-height-default\" data-id=\"9946f35\" data-element_type=\"section\">\n\t\t\t\t\t\t<div class=\"elementor-container elementor-column-gap-default\">\n\t\t\t\t\t<div class=\"elementor-column elementor-col-100 elementor-top-column elementor-element elementor-element-ccafc2a\" data-id=\"ccafc2a\" data-element_type=\"column\">\n\t\t\t<div class=\"elementor-widget-wrap elementor-element-populated\">\n\t\t\t\t\t\t\t\t<div class=\"elementor-element elementor-element-6bc416e elementor-widget elementor-widget-text-editor\" data-id=\"6bc416e\" data-element_type=\"widget\" data-widget_type=\"text-editor.default\">\n\t\t\t\t<div class=\"elementor-widget-container\">\n\t\t\t\t\t\t\t<p><span style=\"font-family: Roboto, sans-serif; font-size: 19px; font-style: normal; font-weight: 400;\">geboren 1963 in N\u00d6<\/span><br style=\"font-size: 19px;\"><span style=\"font-family: Roboto, sans-serif; font-size: 19px; font-style: normal; font-weight: 400;\">seit vielen Jahren k\u00fcnstlerisch aktiv<\/span><br style=\"font-size: 19px;\"><span style=\"font-family: Roboto, sans-serif; font-size: 19px; font-style: normal; font-weight: 400;\">Autodidakt<\/span><\/p>\t\t\t\t\t\t<\/div>\n\t\t\t\t<\/div>\n\t\t\t\t\t<\/div>\n\t\t<\/div>\n\t\t\t\t\t\t\t<\/div>\n\t\t<\/section>\n\t\t\t\t<section class=\"elementor-section elementor-top-section elementor-element elementor-element-d857d77 elementor-section-boxed elementor-section-height-default elementor-section-height-default\" data-id=\"d857d77\" data-element_type=\"section\">\n\t\t\t\t\t\t<div class=\"elementor-container elementor-column-gap-default\">\n\t\t\t\t\t<div class=\"elementor-column elementor-col-50 elementor-top-column elementor-element elementor-element-df1afc5\" data-id=\"df1afc5\" data-element_type=\"column\">\n\t\t\t<div class=\"elementor-widget-wrap elementor-element-populated\">\n\t\t\t\t\t\t\t\t<div class=\"elementor-element elementor-element-912f27e elementor-widget elementor-widget-image\" data-id=\"912f27e\" data-element_type=\"widget\" data-widget_type=\"image.default\">\n\t\t\t\t<div class=\"elementor-widget-container\">\n\t\t\t<style>\/*! elementor - v3.17.0 - 08-11-2023 *\/\n.elementor-widget-image{text-align:center}.elementor-widget-image a{display:inline-block}.elementor-widget-image a img[src$=\".svg\"]{width:48px}.elementor-widget-image img{vertical-align:middle;display:inline-block}<\/style>\t\t\t\t\t\t\t\t\t\t\t\t<img loading=\"lazy\" decoding=\"async\" width=\"660\" height=\"952\" src=\"https:\/\/www.mankoe.at\/wp-content\/uploads\/2022\/11\/WhatsApp-Image-2022-11-21-at-16.46.20-710x1024.jpeg\" class=\"attachment-large size-large wp-image-1084\" alt=\"\" srcset=\"https:\/\/www.mankoe.at\/wp-content\/uploads\/2022\/11\/WhatsApp-Image-2022-11-21-at-16.46.20-710x1024.jpeg 710w, https:\/\/www.mankoe.at\/wp-content\/uploads\/2022\/11\/WhatsApp-Image-2022-11-21-at-16.46.20-208x300.jpeg 208w, https:\/\/www.mankoe.at\/wp-content\/uploads\/2022\/11\/WhatsApp-Image-2022-11-21-at-16.46.20-768x1107.jpeg 768w, https:\/\/www.mankoe.at\/wp-content\/uploads\/2022\/11\/WhatsApp-Image-2022-11-21-at-16.46.20-1066x1536.jpeg 1066w, https:\/\/www.mankoe.at\/wp-content\/uploads\/2022\/11\/WhatsApp-Image-2022-11-21-at-16.46.20.jpeg 1110w\" sizes=\"auto, (max-width: 660px) 100vw, 660px\" \/>\t\t\t\t\t\t\t\t\t\t\t\t\t\t\t<\/div>\n\t\t\t\t<\/div>\n\t\t\t\t<div class=\"elementor-element elementor-element-b9dcfa1 elementor-widget elementor-widget-text-editor\" data-id=\"b9dcfa1\" data-element_type=\"widget\" data-widget_type=\"text-editor.default\">\n\t\t\t\t<div class=\"elementor-widget-container\">\n\t\t\t\t\t\t\t<p>Fr\u00fcher<\/p>\t\t\t\t\t\t<\/div>\n\t\t\t\t<\/div>\n\t\t\t\t\t<\/div>\n\t\t<\/div>\n\t\t\t\t<div class=\"elementor-column elementor-col-50 elementor-top-column elementor-element elementor-element-5406f14\" data-id=\"5406f14\" data-element_type=\"column\">\n\t\t\t<div class=\"elementor-widget-wrap elementor-element-populated\">\n\t\t\t\t\t\t\t\t<div class=\"elementor-element elementor-element-9200487 elementor-widget elementor-widget-image\" data-id=\"9200487\" data-element_type=\"widget\" data-widget_type=\"image.default\">\n\t\t\t\t<div class=\"elementor-widget-container\">\n\t\t\t\t\t\t\t\t\t\t\t\t\t\t\t<img loading=\"lazy\" decoding=\"async\" width=\"660\" height=\"880\" src=\"https:\/\/www.mankoe.at\/wp-content\/uploads\/2022\/11\/ccbedd5a-ad50-40e3-bfe6-ee7f14211c99-768x1024.jpg\" class=\"attachment-large size-large wp-image-1085\" alt=\"\" srcset=\"https:\/\/www.mankoe.at\/wp-content\/uploads\/2022\/11\/ccbedd5a-ad50-40e3-bfe6-ee7f14211c99-768x1024.jpg 768w, https:\/\/www.mankoe.at\/wp-content\/uploads\/2022\/11\/ccbedd5a-ad50-40e3-bfe6-ee7f14211c99-225x300.jpg 225w, https:\/\/www.mankoe.at\/wp-content\/uploads\/2022\/11\/ccbedd5a-ad50-40e3-bfe6-ee7f14211c99-1152x1536.jpg 1152w, https:\/\/www.mankoe.at\/wp-content\/uploads\/2022\/11\/ccbedd5a-ad50-40e3-bfe6-ee7f14211c99.jpg 1200w\" sizes=\"auto, (max-width: 660px) 100vw, 660px\" \/>\t\t\t\t\t\t\t\t\t\t\t\t\t\t\t<\/div>\n\t\t\t\t<\/div>\n\t\t\t\t<div class=\"elementor-element elementor-element-5f990ef elementor-widget elementor-widget-text-editor\" data-id=\"5f990ef\" data-element_type=\"widget\" data-widget_type=\"text-editor.default\">\n\t\t\t\t<div class=\"elementor-widget-container\">\n\t\t\t\t\t\t\t<p>Heute<\/p>\t\t\t\t\t\t<\/div>\n\t\t\t\t<\/div>\n\t\t\t\t\t<\/div>\n\t\t<\/div>\n\t\t\t\t\t\t\t<\/div>\n\t\t<\/section>\n\t\t\t\t\t\t\t<\/div>\n\t\t","protected":false},"excerpt":{"rendered":"<p>\u00dcber mich geboren 1963 in N\u00d6seit vielen Jahren k\u00fcnstlerisch aktivAutodidakt Fr\u00fcher Heute<\/p>\n","protected":false},"author":1,"featured_media":0,"parent":0,"menu_order":0,"comment_status":"closed","ping_status":"closed","template":"","meta":{"_ti_tpc_template_sync":false,"_ti_tpc_template_id":"","footnotes":""},"class_list":["post-985","page","type-page","status-publish","hentry"],"_links":{"self":[{"href":"https:\/\/www.mankoe.at\/index.php?rest_route=\/wp\/v2\/pages\/985","targetHints":{"allow":["GET"]}}],"collection":[{"href":"https:\/\/www.mankoe.at\/index.php?rest_route=\/wp\/v2\/pages"}],"about":[{"href":"https:\/\/www.mankoe.at\/index.php?rest_route=\/wp\/v2\/types\/page"}],"author":[{"embeddable":true,"href":"https:\/\/www.mankoe.at\/index.php?rest_route=\/wp\/v2\/users\/1"}],"replies":[{"embeddable":true,"href":"https:\/\/www.mankoe.at\/index.php?rest_route=%2Fwp%2Fv2%2Fcomments&post=985"}],"version-history":[{"count":29,"href":"https:\/\/www.mankoe.at\/index.php?rest_route=\/wp\/v2\/pages\/985\/revisions"}],"predecessor-version":[{"id":1133,"href":"https:\/\/www.mankoe.at\/index.php?rest_route=\/wp\/v2\/pages\/985\/revisions\/1133"}],"wp:attachment":[{"href":"https:\/\/www.mankoe.at\/index.php?rest_route=%2Fwp%2Fv2%2Fmedia&parent=985"}],"curies":[{"name":"wp","href":"https:\/\/api.w.org\/{rel}","templated":true}]}}